ose 4*g + 146 = 386. What are the prime factors of 5/(g/16)*18?
2, 3
Let q(w) = w - 3. Let z be q(3). Let l = 5 + z. What are the prime factors of l?
5
Let u be ((-5)/(-2))/((-3)/(-6)). Let h = 81 - 52. Suppose u = f, 3*c - 7*f + 2*f - h = 0. What are the prime factors of c?
2, 3
List the prime factors of (28/(-3))/((-6)/18).
2, 7
Let n(a) = 7*a - 1. List the prime factors of n(3).
2, 5
Suppose 5*f - 4*c = 177, 3*c + c + 103 = 3*f. Suppose -3*w = -7*w - 100. Let r = f + w. What are the prime factors of r?
2, 3
Let n = 3 - 0. Suppose -6*y + n = -5*y. List the prime factors of y.
3
Suppose -x + 49 + 21 = i, -4*i = -4*x - 304. List the prime factors of i.
73
Let j be 3/(-1 + (-6)/(-8)). What are the prime factors of (8/j)/((-2)/36)?
2, 3
Suppose 20 = -5*k + 4*u + u, 5*k + 4*u = 25. Suppose 0 = -2*o + 4*p + 10, -k = p - 0*p. List the prime factors of o.
3
Suppose -14*k + 18*k - 56 = 0. List the prime factors of k.
2, 7
Let s(n) be the first derivative of -4*n**3/3 - n**2 + 4. Let f be s(-3). What are the prime factors of 2/4 - f/4?
2
Suppose 3*n + g = -4*g + 14, 0 = 4*g + 20. List the prime factors of n.
13
Let p = -7 - -3. Let c = -1 - p. Suppose -z + 5 = d - 2, -c*d + 13 = 2*z. What are the prime factors of z?
2
Let g be (6/4)/(9/12). Let l(t) = -3*t + 1 + 3 + t**3 + 7*t**g + 8*t - 2. What are the prime factors of l(-6)?
2
Let v = 10 + -7. Let o be 6/v + 0 + 1. Suppose -4*g - 12 = 0, 0 = -o*u - 3*g - g + 12. List the prime factors of u.
2
List the prime factors of (-4)/(4*(-2)/20).
2, 5
Let a(w) = 16*w**2 + w - 5. What are the prime factors of a(3)?
2, 71
What are the prime factors of ((-25)/(-1) - -1)*1?
2, 13
Let i(s) = -s**3 + 22*s**2 + 13*s - 74. List the prime factors of i(22).
2, 53
List the prime factors of 89 - (4 - 1)*1.
2, 43
Suppose 4*h - 23 - 9 = -4*c, 0 = 4*h + c - 17. List the prime factors of h.
3
Suppose -3*x = 7 - 22. List the prime factors of 22/12 + x/30.
2
Suppose -v + 5*w - 35 = 0, -2*v - 13 - 2 = w. Let s = -1 - v. What are the prime factors of s?
3
Let n be (-5 + 0)*(-36)/(-5). List the prime factors of (n/5)/(18/(-60)).
2, 3
Suppose 3*q - 7 = -u + 10, -5*u = -5*q + 15. Suppose 3*y - 2*g + g = 68, q*y + 4*g = 85. What are the prime factors of y?
3, 7
Let w = -18 + 13. Let t(h) = -h**2 - 2*h + 7. Let l(d) = d. Let j(y) = -4*l(y) + t(y). What are the prime factors of j(w)?
2, 3
Suppose -4*h = -451 + 95. List the prime factors of h.
89
Let y(v) = v + 1. Let n(l) = -2*l**3 + l**2 - 1. Let w be n(-1). Let c be y(w). List the prime factors of 11 + c*(-2)/3.
3
Let v = -1 + 6. Suppose 3*z - v*w - 66 = 0, 8 = z + 2*w + w. List the prime factors of z.
17
Let q(r) = r**3 - 2*r**2 - r - 2. Let k be q(3). Let m be k/20 - (-198)/10. List the prime factors of (-12)/8*m/(-3).
2, 5
Let j = 3 + -5. Let g(k) = -4*k + 1. What are the prime factors of g(j)?
3
Let q be 5 - 90 - 4/(-2). Let v = 125 + q. List the prime factors of v.
2, 3, 7
Let b = 270 - 137. List the prime factors of b.
7, 19
Let g(i) = -i**2 - i + 4. Let w be g(0). Let h be 2/w*-1*-4. Suppose 3*q - h*l - 41 = -0*l, -4*l = -2*q + 38. List the prime factors of q.
11
Let a be 24/10 - (-2)/(-5). Suppose a*r - 15 = -r. Let d = 11 - r. List the prime factors of d.
2, 3
Let t(y) = y**2 + 7*y + 14. Let i be t(-10). Let g = i - 26. List the prime factors of g.
2, 3
Let p = -84 + 159. Suppose -p = -6*f + 3*f. List the prime factors of f.
5
Let h(j) = -3*j**2 - j - 1. Let s be h(-1). Let l = s - -11. What are the prime factors of 34/l + (-2)/8?
2
Let y(g) = -2*g**2 + 4*g - 2. Let q be y(2). Let r be 1145/55 + q/(-11). Suppose -2*k + 4*h - 7 = -h, r = 3*k + 3*h. What are the prime factors of k?
2
List the prime factors of (52/10)/(10/25).
13
Let x(r) = 2*r**3 - 4*r**2 - 2*r. Let i be x(4). Suppose 0 = 4*o - 0*o - i. List the prime factors of o.
2, 7
Let a = -73 - -155. List the prime factors of a.
2, 41
Let p be (-3)/2*8/3. Let z = 2 - p. What are the prime factors of z?
2, 3
Let s(g) = -g**3 + 5*g**2 + 2*g - 6. Let v be s(5). Let m = 9 + -7. Suppose 10 + v = m*i. What are the prime factors of i?
7
Suppose -4*v - f + 14 = v, 5*v + 3*f = 12. Suppose -v*q + 28 = -35. List the prime factors of q.
3, 7
Suppose 78 = d + 5*y, -2*y - 64 = -d - 7. What are the prime factors of d?
3, 7
Suppose y - 32 = -7. What are the prime factors of y?
5
Suppose 4*z - 19 = -s, 5*s - 23 = -0*z - 2*z. Suppose -25 + 94 = s*i. List the prime factors of i.
23
List the prime factors of (28/(-6) + 0)/((-6)/126).
2, 7
Suppose 0 = -20*z + 15*z + 710. What are the prime factors of z?
2, 71
List the prime factors of (-1)/(2 + 0)*-96.
2, 3
Suppose -5 + 20 = 3*x. Suppose -x*m = -10*m + 35. What are the prime factors of m?
7
Suppose 2*v = -5*w - 270, 4*w + 7*v + 216 = 2*v. Let n be 0/(6/(-3)) - w. List the prime factors of ((-2)/6)/((-2)/n).
3
Let m(q) = q**3 + 5*q**2 - q. Let a be m(-5). Suppose -a*u = 4*o - 14, -5*u + 9 = o - u. Suppose 8 = i - n + o, -5*n - 17 = i. What are the prime factors of i?
3
Let b be ((-68)/8)/((-2)/(-4)). Let g = 32 + b. List the prime factors of g.
3, 5
Suppose 0 = -3*u + 51 - 339. What are the prime factors of ((-5)/(-10))/((-2)/u)?
2, 3
Suppose 2*y - 45 = -3*y. Suppose -3*b + 87 = y. What are the prime factors of b?
2, 13
Let j be (-2)/(-4) - (-6)/4. Let l(k) = -k**2 + 3*k - 2. Let q be l(2). Suppose a + j*a - 39 = q. What are the prime factors of a?
13
What are the prime factors of (244/(-6) + 4/(-12))*-1?
41
Let v be 3*1*(-5)/(-3). Suppose v*g = g + 80. Let y = g + -14. List the prime factors of y.
2, 3
Let g(w) be the first derivative of -w**4/4 - 2*w**3/3 + w**2/2 + 2*w - 9. Let x(z) = z**2 + 4*z. Let s be x(-3). What are the prime factors of g(s)?
2
Suppose -5*z = 5*x + 20, -26 = 4*z - 2*x + x. Let t(k) be the second derivative of -k**5/20 - 5*k**4/12 + k**3 + 2*k**2 + k. What are the prime factors of t(z)?
2
Let u = 4 - 2. Let j(n) = -3*n**3 + n**3 + 0*n + u*n. List the prime factors of j(-2).
2, 3
List the prime factors of (-5 - 1)*(-300)/40.
3, 5
Suppose 6 = -3*g, -3*g = 5*k - 42 + 13. List the prime factors of k.
7
Suppose 5*g - 371 = -66. Suppose -9 - g = -5*f. List the prime factors of f.
2, 7
Let b be (-2)/3 - 16/3. Let s be 2 - (-3)/b*10. What are the prime factors of 1/s - 84/(-9)?
3
Let l(r) = -26*r + 1. List the prime factors of l(-2).
53
Let o(v) = -15*v + 17 + 34*v - 17*v. List the prime factors of o(8).
3, 11
Let z(b) = -b**3 + 4*b**2 + 3*b + 7. Let h be z(5). Let i(r) = -2*r**3 - 4*r**2 - r + 4. List the prime factors of i(h).
5
Let o(f) be the first derivative of 39*f**4/4 + 2*f**3/3 - f**2 + f + 2. Let r be o(1). Suppose -3*g - 2*g = -r. What are the prime factors of g?
2
Let k(t) = 4*t - 10. List the prime factors of k(8).
2, 11
Let u = 13 - 24. What are the prime factors of u/(-2) + 1/(-2)?
5
List the prime factors of 5 + (280/5 - -2).
3, 7
Let f(o) = 7*o - 1. Let y be (-8)/24 - 14/(-6). Suppose -4*z = -2*i - y - 6, -z + 3 = 0. List the prime factors of f(i).
13
Let v(c) be the third derivative of 5*c**4/24 - c**3 + 7*c**2. List the prime factors of v(5).
19
What are the prime factors of (468/(-21) - 0)*7*-1?
2, 3, 13
Suppose n - 3 = 4*k + 14, -3*n + 91 = -2*k. What are the prime factors of n?
3, 11
Suppose 3*k = -0*k + 2*w - 19, 10 = -4*k - 5*w. Let m = -2 - k. Suppose 2*i - m*g = 3*i, 5*i + 3*g = 24. What are the prime factors of i?
2, 3
What are the prime factors of 10/(-4)*(-13 + -1)?
5, 7
Let o(d) = 5*d**3 - d**2 - d - 2. Let m be (-33)/(-18) - (-1)/6. List the prime factors of o(m).
2
Let p(g) = -11*g - 4. List the prime factors of p(-2).
2, 3
Suppose 0 = -363*w + 360*w + 537. List the prime factors of w.
179
Let u(h) = 2*h**2 - 5*h + 19. Let r(m) = -m**2 + 3*m - 9. Let b(z) = 13*r(z) + 6*u(z). Let a be 1/4 + 54/8. List the prime factors of b(a).
11
Let j = 8 + -14. Let q be ((-9)/j)/(2/4). Let c = 0 + q. List the prime factors of c.
3
Let s(b) = b**3 - 3*b**2 + 3*b - 1. Let y be s(2). Suppose 0*g + y = g. Let p = 11 - g. What are the prime factors of p?
2, 5
Suppose 10*a = 70 + 1570. What are the prime factors of a?
2, 41
Let s = 17 + -7. Let t be s/50 - 19/(-5). Suppose 4*o = u - 5*u + 24, -18 = -u - t*o. List the prime factors of u.
2
What are the prime factors of (351 + 12)*(-4)/(-6)?
2, 11
Let j(v) = 17*v**2 + v - 1. Let m be j(3). Let t = m + -81. What a